{"id":15,"date":"2021-09-29T11:48:46","date_gmt":"2021-09-29T09:48:46","guid":{"rendered":"http:\/\/lenatrutt.fr\/?page_id=15"},"modified":"2022-05-10T16:50:25","modified_gmt":"2022-05-10T14:50:25","slug":"a-propos-de-moi","status":"publish","type":"page","link":"https:\/\/lenatrutt.fr\/?page_id=15","title":{"rendered":"A propos de moi"},"content":{"rendered":"\n<h1 class=\"has-text-align-center\">Qui suis-je ? <\/h1>\n\n\n\n<div class=\"wp-block-media-text alignwide has-media-on-the-right is-stacked-on-mobile is-image-fill\" style=\"grid-template-columns:auto 19%\"><figure class=\"wp-block-media-text__media\" style=\"background-image:url(http:\/\/lenatrutt.fr\/wp-content\/uploads\/2021\/09\/Photo-Lena-505x1024.jpg);background-position:0% 36%\"><img loading=\"lazy\" width=\"505\" height=\"1024\" src=\"http:\/\/lenatrutt.fr\/wp-content\/uploads\/2021\/09\/Photo-Lena-505x1024.jpg\" alt=\"\" class=\"wp-image-16 size-full\" srcset=\"https:\/\/lenatrutt.fr\/wp-content\/uploads\/2021\/09\/Photo-Lena-505x1024.jpg 505w, https:\/\/lenatrutt.fr\/wp-content\/uploads\/2021\/09\/Photo-Lena-148x300.jpg 148w, https:\/\/lenatrutt.fr\/wp-content\/uploads\/2021\/09\/Photo-Lena.jpg 631w\" sizes=\"(max-width: 505px) 100vw, 505px\" \/><\/figure><div class=\"wp-block-media-text__content\">\n<p class=\"has-drop-cap has-large-font-size\">Je suis une jeune femme, vivant \u00e0 Rouen, en Normandie et <strong>engag\u00e9e \u00e0 plein temps dans la transition \u00e9cologique et sociale depuis 2019<\/strong>, apr\u00e8s un dipl\u00f4me d&rsquo;ing\u00e9nieure Civile des Mines et deux ans d&rsquo;exp\u00e9rience dans une grande soci\u00e9t\u00e9 de conseil parisienne. <\/p>\n\n\n\n<p class=\"has-large-font-size\">Vous me trouverez le plus souvent, <strong>avec le sourire<\/strong>, expliquant \u00e0 tous les publics <strong>pourquoi il faut agir, et vite<\/strong> ! <\/p>\n\n\n\n<p class=\"has-large-font-size\">Je suis en <strong>perp\u00e9tuelle formation <\/strong>et je d\u00e9couvre chaque jour un peu plus l&rsquo;\u00e9tendue des sujets climatiques et environnementaux. Mais ce qui me passionne encore plus c&rsquo;est la <strong>transmission<\/strong> et les \u00e9changes qui naissent de nos discussions <strong>collectives<\/strong>.<\/p>\n<\/div><\/div>\n\n\n\n<figure class=\"wp-block-pullquote is-style-default has-border-color has-accent-color has-text-color\" style=\"border-color:#6d6d6d\"><blockquote><p>L&rsquo;avenir n&rsquo;est pas ce qui va arriver mais ce que nous allons faire.<\/p><cite>Henri Bergson<\/cite><\/blockquote><\/figure>\n\n\n\n<h1 class=\"alignfull has-text-align-center\">Quelles sont mes formations ? <\/h1>\n\n\n\n<div class=\"wp-block-media-text alignwide is-stacked-on-mobile\" style=\"grid-template-columns:17% auto\"><figure class=\"wp-block-media-text__media\"><img loading=\"lazy\" width=\"512\" height=\"512\" src=\"http:\/\/lenatrutt.fr\/wp-content\/uploads\/2021\/09\/student-girl.png\" alt=\"<div&gt;Icons made by <a href=&quot;https:\/\/www.freepik.com&quot; title=&quot;Freepik&quot;&gt;Freepik<\/a&gt; from <a href=&quot;https:\/\/www.flaticon.com\/&quot; title=&quot;Flaticon&quot;&gt;www.flaticon.com<\/a&gt;<\/div&gt;\" class=\"wp-image-24 size-full\" srcset=\"https:\/\/lenatrutt.fr\/wp-content\/uploads\/2021\/09\/student-girl.png 512w, https:\/\/lenatrutt.fr\/wp-content\/uploads\/2021\/09\/student-girl-300x300.png 300w, https:\/\/lenatrutt.fr\/wp-content\/uploads\/2021\/09\/student-girl-150x150.png 150w\" sizes=\"(max-width: 512px) 100vw, 512px\" \/><\/figure><div class=\"wp-block-media-text__content\">\n<ul class=\"has-normal-font-size\"><li>Ing\u00e9nieure Civile des Mines &#8211; ICM E2014<\/li><li>M\u00e9thode Bilan Carbone (Licence d&rsquo;exploitation) &#8211; Mai 2021<\/li><li>Formatrice \u00e0 l&rsquo;animation Fresque du Climat <\/li><li>Animatrice Fresque de la Biodiversit\u00e9, Fresque Oc\u00e9ane, Fresque des Nouveaux R\u00e9cits<\/li><li>Animatrice Inventons Nos Vies Bas Carbone (INVBC)<\/li><li>Autodidacte : conf\u00e9rences en ligne, MOOC, livres&#8230;<\/li><li>&#8230;.<\/li><\/ul>\n<\/div><\/div>\n","protected":false},"excerpt":{"rendered":"<p>Qui suis-je ? Je suis une jeune femme, vivant \u00e0 Rouen, en Normandie et engag\u00e9e \u00e0 plein temps dans la transition \u00e9cologique et sociale depuis 2019, apr\u00e8s un dipl\u00f4me d&rsquo;ing\u00e9nieure Civile des Mines et deux ans d&rsquo;exp\u00e9rience dans une grande soci\u00e9t\u00e9 de conseil parisienne. Vous me trouverez le plus souvent, avec le sourire, expliquant \u00e0 [&hellip;]<\/p>\n","protected":false},"author":1,"featured_media":0,"parent":0,"menu_order":0,"comment_status":"closed","ping_status":"closed","template":"","meta":[],"_links":{"self":[{"href":"https:\/\/lenatrutt.fr\/index.php?rest_route=\/wp\/v2\/pages\/15"}],"collection":[{"href":"https:\/\/lenatrutt.fr\/index.php?rest_route=\/wp\/v2\/pages"}],"about":[{"href":"https:\/\/lenatrutt.fr\/index.php?rest_route=\/wp\/v2\/types\/page"}],"author":[{"embeddable":true,"href":"https:\/\/lenatrutt.fr\/index.php?rest_route=\/wp\/v2\/users\/1"}],"replies":[{"embeddable":true,"href":"https:\/\/lenatrutt.fr\/index.php?rest_route=%2Fwp%2Fv2%2Fcomments&post=15"}],"version-history":[{"count":11,"href":"https:\/\/lenatrutt.fr\/index.php?rest_route=\/wp\/v2\/pages\/15\/revisions"}],"predecessor-version":[{"id":86,"href":"https:\/\/lenatrutt.fr\/index.php?rest_route=\/wp\/v2\/pages\/15\/revisions\/86"}],"wp:attachment":[{"href":"https:\/\/lenatrutt.fr\/index.php?rest_route=%2Fwp%2Fv2%2Fmedia&parent=15"}],"curies":[{"name":"wp","href":"https:\/\/api.w.org\/{rel}","templated":true}]}}